
33871
Let p(v) = -18*v + 59. Let t(a) = a**2 - 3*a - 24. Let x be t(-3). What are the prime factors of p(x)?
167
Let y = 28658 + 35759. List the prime factors of y.
37, 1741
Let t(s) = s**3 - 7*s**2 + 7*s + 6. Let u be t(6). Let b(o) = -u*o**2 - 20*o + 5*o**2 + 3*o**2 - 50 + 5*o**2. List the prime factors of b(26).
2, 53
Let q(z) = -z**3 - 4*z**2 + 10*z - 5. Let b be q(-6). Suppose b*f - 12*f = 0. List the prime factors of 4*(-6)/(-8) + f.
3
Suppose 3*m - 586 = -4*i + 415, 3*m - 991 = -2*i. List the prime factors of m.
3, 109
Let t(c) = 12*c + 237. Let s be t(19). Suppose -4*n - z - s + 2988 = 0, -12 = -4*z. List the prime factors of n.
2, 3, 5, 7
Let b(d) = 8310*d + d**2 - 24932*d + 6 + 8311*d + 8309*d. Let w(i) = -12*i**2 - i + 1. Let s be w(1). What are the prime factors of b(s)?
2, 3, 29
Let t = 106 + 299. Let n = t - 167. List the prime factors of n.
2, 7, 17
Let t = 96 + 33. Let a = 368 - t. List the prime factors of a.
239
Suppose 50*z + 2456 = 51*z - 2*r, r = 5*z - 12235. List the prime factors of z.
2, 1223
List the prime factors of (-1 + 8428/6)/(3/171) + 7.
2, 3, 1667
Let l(m) = 34*m + 1030. List the prime factors of l(31).
2, 521
Suppose -121*n + 1141490 = 88857 - 356412. What are the prime factors of n?
5, 17, 137
Suppose 4*v = -27 + 11, 5*g - 2*v = 33. Suppose -d + g = 0, 3*d = -2*x - 3*x + 825. What are the prime factors of x?
2, 3
Suppose -10*y + 1349 = 2049. Suppose t - k + 86 = 0, 3*t + 238 = -0*t - 2*k. Let a = y - t. List the prime factors of a.
2, 3
Let u = -95 + 97. Suppose 3*j - 53 - 269 = -d, 4 = u*j. List the prime factors of d.
2, 79
Suppose 7*b - 225948 - 41593 = 60269. What are the prime factors of b?
2, 3, 5, 7, 223
Suppose -2*h + 1062 = 5*u, 5*u = -6*h + 2*h + 2104. What are the prime factors of h?
521
Let h(i) = -3*i + 13. Let z be h(7). What are the prime factors of (-40)/z - 306/(-2)?
2, 79
Let s(w) = 2*w**3 - 91*w**2 + 2*w + 749. List the prime factors of s(46).
2957
Let a(s) = -2*s - 3. Let w be a(-3). Suppose -4*o + 1695 = 4*r + 195, w*o = 0. List the prime factors of r.
3, 5
Suppose -2*n - 3*n = 3105. Let h = n - -1253. What are the prime factors of h?
2, 79
Suppose 7*n - 19*n = -7020. Let y = -122 + n. What are the prime factors of y?
463
Suppose 4*u + 8 = 6*u - 4*r, -u + 4*r + 2 = 0. Suppose u*y - 467 - 3703 = 0. List the prime factors of y.
5, 139
Let t = -38 - 26. Let v(b) = -2*b**3 + 29*b**2 - 2*b + 3. Let i be v(14). Let f = t + i. List the prime factors of f.
107
Let y = 14300 - -18054. List the prime factors of y.
2, 7, 2311
Let j = 1990 - -177. Suppose 5*c + 4*a - 1740 = c, 3*a = -5*c + j. Suppose 433 + c = 9*b. List the prime factors of b.
2, 3
Let m = 11577 + -6052. List the prime factors of m.
5, 13, 17
Let d = -182 + 184. Suppose 0 = h - 4*b + d*b - 261, 4*b - 237 = -h. List the prime factors of h.
11, 23
Let x = -21329 - -38351. List the prime factors of x.
2, 3, 2837
Suppose -33*t - 4957 = 5735. Let x = 510 + t. What are the prime factors of x?
2, 3, 31
Suppose -81*q + 44577 - 50533 = -268882. What are the prime factors of q?
2, 3, 541
Let u(h) = -3*h**2 + 130*h + 67. Suppose -4*k - 7*d = -10*d - 178, 0 = -2*k - d + 84. List the prime factors of u(k).
2, 5, 11
What are the prime factors of -823*(59/(-413) - (-76)/(-7))?
11, 823
Let f(m) = 7*m + 25. Let u be f(-4). Let r(z) = -9*z**3 + 5*z**2 - 6*z - 5. List the prime factors of r(u).
7, 43
Let c = 27851 + -9794. List the prime factors of c.
3, 13, 463
Suppose -609*h + 613*h - 63299 = -5*l, l = -3*h + 12651. List the prime factors of l.
3, 7, 67
Let f be (-5 - -2) + 3 + 14. Let j = 16 - f. List the prime factors of 67 + 2 + 0 - j.
67
Let n = -9945 + 44580. What are the prime factors of n?
3, 5, 2309
Let h be (294/15)/((-7 - -3)/(-240)). Suppose 5*k - h = -3*k. List the prime factors of k.
3, 7
Suppose -3618 + 123 = -x + 2*g, -17527 = -5*x - 3*g. Suppose -x = -15*m + 97. What are the prime factors of m?
2, 3, 5
Let p = -7 - 1. Let t(h) = 4*h + 1. Let k(i) = 7*i + 6. Let l(m) = k(m) - 2*t(m). What are the prime factors of l(p)?
2, 3
Suppose 4*o = -5*s + 25756, 12*o - 14*o = s - 12878. List the prime factors of o.
47, 137
Let u(b) = -3*b**3 + b**2. Let a be u(-1). Let f be ((1 - -1) + -89)/((-3)/8). Suppose a*c - 304 = 4*k, 0*k + k + f = 3*c. List the prime factors of c.
2, 3, 13
Suppose 7*j = 11*j. Suppose 5*f - 2*m + 533 = j, f - 5*m + 82 + 43 = 0. What are the prime factors of 24*(-7)/(f/10)?
2
Let k = 32 - 18. Let g(f) = 695*f**2 + 1. Let i be g(1). Suppose k*p - 6*p - i = 0. List the prime factors of p.
3, 29
Let s(j) = -8*j**3 + 13*j**2 + 2*j - 184. What are the prime factors of s(-10)?
2, 3, 379
Let c(b) = -5*b**2 + 2995*b - 3. What are the prime factors of c(31)?
88037
Suppose -4*z = 8, z = x + 3*x - 170. Suppose -u + 70 + x = 0. List the prime factors of u.
2, 7
Let s(q) = -q**2 - 15*q - 17. Let p be s(-9). Let t = 34 - p. Let n = 89 - t. What are the prime factors of n?
2, 23
Let v = 61 + -47. Suppose 13*u - v*u = -3. Suppose 15 + 9 = u*z. List the prime factors of z.
2
Suppose y + 5*v - 1729 = 10*v, -5*y = -v - 8621. List the prime factors of y.
2, 431
Let m(v) = 5*v**2 - 2*v - 5. Let t(a) = a**2 + 4*a + 2. Let g be t(-5). Let n(f) = f**3 - 9*f**2 + 14*f + 4. Let q be n(g). List the prime factors of m(q).
67
Let r be ((-18)/(-12))/((-2)/20). Let x be r/(-6)*(1 + 2/(-10)). Suppose 0 = -2*z + x*i + 76, 0 = z - 4*i - 3 - 35. List the prime factors of z.
2, 19
Suppose -2*i = 4*t - 62, 4*i - 27 = -2*t - i. Suppose t*g - 45*g + 27869 = 0. List the prime factors of g.
31
Let p(k) = -7*k - 23. Let x be p(-7). What are the prime factors of (x - 28) + (0 - -2) + 1320?
2, 3, 5, 11
Let z(b) = 219*b - 5254. List the prime factors of z(52).
2, 3067
Let r(w) = w**3 + 12*w**2 + 10*w - 13. Let f be r(-11). Let q be 155 - (4 - (f - -2)). Suppose -4*c = -69 - q. List the prime factors of c.
5, 11
Let q(o) be the first derivative of -o**4/2 - 3*o**3 - 3*o**2 - 29*o - 63. What are the prime factors of q(-6)?
5, 23
Suppose 4*k = -2*j + 22, 3*j - k + 1 = 2*j. Suppose j*o + 66 = 2*f - 355, 0 = -5*o - 25. List the prime factors of f.
7, 29
Let n(y) = -144*y**2 - 2*y - 6. Suppose -s = 1 + 2. Let v be n(s). List the prime factors of v/(-14) - 8/14.
2, 23
Let i = -67935 + 141033. List the prime factors of i.
2, 3, 31, 131
Suppose -1429 + 133 = -9*m. Let l = 669 - m. List the prime factors of l.
3, 5, 7
Let d = -18150 - -26153. List the prime factors of d.
53, 151
Let g be ((-15370)/174)/((-1)/33). Let p = -1615 + g. List the prime factors of p.
2, 5, 13
Let a(f) = 9*f**2 + 10*f - 21. Let k be (-2 - (-3 - -10)) + 14. List the prime factors of a(k).
2, 127
Suppose o = -17*p + 13*p + 26705, -4*p - 3*o = -26699. List the prime factors of p.
11, 607
Suppose u - 8 = -u. Suppose 4*i - 6537 = 3*o + 2*o, -u*i + 6507 = o. What are the prime factors of -3 + i/24 + (-1)/(-6)?
5, 13
Suppose 0 = -0*q - 2*q + 36. Let o be q/3 + (-5 - -2). Suppose 33 - 9 = o*v. List the prime factors of v.
2
Let n = -857 - -873. Suppose 18*h - n*h - 2896 = 5*i, 3*i - 1426 = -h. List the prime factors of h.
2, 719
Suppose 844 = 4*a - 3*x + 21, 4*x = -20. Let b = a + 609. List the prime factors of b.
811
Let o = 43 + -29. Suppose 2*b + o = 32. List the prime factors of 3*(-3 + 30/b) + 42.
43
What are the prime factors of ((-132)/(-10))/(236/465510)?
3, 11, 263
Let j = -12639 + 12790. What are the prime factors of j?
151
Suppose 12*w - 5764 - 5296 = -176. List the prime factors of w.
907
Let r be ((-24)/(-9))/(6/(-9)). Let k(t) = -3*t**3 + 12. Let q(v) = -8*v**3 + 24. Let b(i) = -5*k(i) + 2*q(i). List the prime factors of b(r).
2, 13
Let x be (-1)/(-3) + (-39215)/(-93). Suppose -23 = 3*y - x. List the prime factors of y.
7, 19
Let w(p) = -p**3 + 6*p**2 + p - 1. Let j be w(4). Suppose 8*c - j = -3. Suppose 4*t + o - 248 = -3*o, c*t - 260 = 2*o. What are the prime factors of t?
2
Let p = 5275 + 7881. What are the prime factors of p?
2, 11, 13, 23
Let w = 1320 - 1313. Let h = -108 - -160. Let n = w + h. What are the prime factors of n?
59
Suppose 3*y - 34 = -4*u, -2*y - 68 = -7*y - u. Suppose 6*d + y = 8. List the prime factors of -2 - (-6)/(-6)*(-30 - d).
3
Let h(z) = 189*z + 43. Let v(x) = 187*x + 44. Let t(u) = 2*h(u) - 3*v(u). List the prime factors of t(-6).
2, 263
List the prime factors of